{"id":35,"date":"2021-07-10T15:38:27","date_gmt":"2021-07-10T13:38:27","guid":{"rendered":"https:\/\/www.maisonlitterairedevictorhugo.net\/en\/?page_id=35"},"modified":"2025-01-31T16:45:56","modified_gmt":"2025-01-31T15:45:56","slug":"fondation","status":"publish","type":"page","link":"https:\/\/www.maisonlitterairedevictorhugo.net\/en\/fondation\/","title":{"rendered":"Pr\u00e9sentation"},"content":{"rendered":"\n<div style=\"height:50px\" aria-hidden=\"true\" class=\"wp-block-spacer\"><\/div>\n\n\n\n<p class=\"has-text-align-center has-large-font-size\"><strong><mark style=\"background-color:rgba(0, 0, 0, 0);color:#06044f\" class=\"has-inline-color\">HISTORICAL BACKGROUND<\/mark><\/strong><\/p>\n\n\n\n<div class=\"wp-block-columns alignwide is-layout-flex wp-container-core-columns-is-layout-9d6595d7 wp-block-columns-is-layout-flex\">\n<div class=\"wp-block-column is-layout-flow wp-block-column-is-layout-flow\" style=\"flex-basis:66.66%\">\n<p class=\"has-medium-font-size\"><span class=\"lettrine\">A<\/span>t the time of Romanticism, the manor house of the Ch\u00e2teau des Roches belonged to Bertin l&rsquo;Ain\u00e9 (1776-1841), patron of the arts and director of the magazine the<em> Journal des D\u00e9bats<\/em>.&nbsp;<\/p>\n\n\n\n<p class=\"has-medium-font-size\"><br><span class=\"lettrine\">F<\/span>rom 1815 to 1841 Bertin&rsquo;s literary salon attracted the most eminent figures in the world of politics and arts : Chateaubriand, Berlioz, Ingres, Liszt&#8230; Chateaubriand, who was a long-time friend of the Bertin family, would call on them from the Vall\u00e9e-aux-Loups.<\/p>\n<\/div>\n\n\n\n<div class=\"wp-block-column is-vertically-aligned-center is-layout-flow wp-block-column-is-layout-flow\" style=\"flex-basis:33.33%\">\n<figure class=\"wp-block-image aligncenter size-medium\"><img loading=\"lazy\" decoding=\"async\" width=\"247\" height=\"300\" src=\"https:\/\/www.maisonlitterairedevictorhugo.net\/en\/wp-content\/uploads\/2021\/07\/Bertin2-247x300.jpeg\" alt=\"\" class=\"wp-image-98\" srcset=\"https:\/\/www.maisonlitterairedevictorhugo.net\/en\/wp-content\/uploads\/2021\/07\/Bertin2-247x300.jpeg 247w, https:\/\/www.maisonlitterairedevictorhugo.net\/en\/wp-content\/uploads\/2021\/07\/Bertin2-843x1024.jpeg 843w, https:\/\/www.maisonlitterairedevictorhugo.net\/en\/wp-content\/uploads\/2021\/07\/Bertin2-768x933.jpeg 768w, https:\/\/www.maisonlitterairedevictorhugo.net\/en\/wp-content\/uploads\/2021\/07\/Bertin2.jpeg 945w\" sizes=\"auto, (max-width: 247px) 100vw, 247px\" \/><figcaption class=\"wp-element-caption\"><small>Louis-Fran\u00e7ois Bertin by Ingres<\/small><\/figcaption><\/figure>\n<\/div>\n<\/div>\n\n\n\n<div class=\"wp-block-columns alignwide is-layout-flex wp-container-core-columns-is-layout-9d6595d7 wp-block-columns-is-layout-flex\">\n<div class=\"wp-block-column is-vertically-aligned-center is-layout-flow wp-block-column-is-layout-flow\" style=\"flex-basis:66.66%\">\n<p class=\"has-medium-font-size\"><span class=\"lettrine\">T<\/span>he most renowned guest was indisputably Victor Hugo, who stayed at the Ch\u00e2teau des Roches whenever he could. Hugo, along with his wife and children, would take a stage coach at the Place des Vosges (then Place Royale) to Sceaux where a connection took them to Bi\u00e8vres.<\/p>\n<\/div>\n\n\n\n<div class=\"wp-block-column is-layout-flow wp-block-column-is-layout-flow\" style=\"flex-basis:33.33%\">\n<figure class=\"wp-block-image aligncenter size-full is-resized is-style-rounded\"><img loading=\"lazy\" decoding=\"async\" width=\"440\" height=\"658\" src=\"https:\/\/www.maisonlitterairedevictorhugo.net\/en\/wp-content\/uploads\/2021\/12\/VH1832LNoel.jpeg\" alt=\"\" class=\"wp-image-246\" style=\"width:225px;height:336px\" srcset=\"https:\/\/www.maisonlitterairedevictorhugo.net\/en\/wp-content\/uploads\/2021\/12\/VH1832LNoel.jpeg 440w, https:\/\/www.maisonlitterairedevictorhugo.net\/en\/wp-content\/uploads\/2021\/12\/VH1832LNoel-201x300.jpeg 201w\" sizes=\"auto, (max-width: 440px) 100vw, 440px\" \/><figcaption class=\"wp-element-caption\"> <small>Victor Hugo by L\u00e9on No\u00ebl, 1832<\/small><\/figcaption><\/figure>\n<\/div>\n<\/div>\n\n\n\n<div class=\"wp-block-columns alignwide is-layout-flex wp-container-core-columns-is-layout-9d6595d7 wp-block-columns-is-layout-flex\">\n<div class=\"wp-block-column is-vertically-aligned-top is-layout-flow wp-block-column-is-layout-flow\" style=\"flex-basis:66.66%\">\n<p class=\"has-medium-font-size\"><span class=\"lettrine\">T<\/span>hey were at home at the Ch\u00e2teau. The poet would go out alone to write or to take a walk in the green valley of the Bi\u00e8vre river, or in the woods of Verri\u00e8res. During his stays at the manor house, he wrote several poems which were published in&nbsp;<em><em>Les Feuilles d\u2019automne<\/em>,&nbsp;<em>Les Chants du cr\u00e9puscule<\/em>,&nbsp;<em>Les Voix int\u00e9rieures<\/em>&nbsp;<\/em>and <em><em>Les Rayons et les ombres<\/em>.<\/em><\/p>\n<\/div>\n\n\n\n<div class=\"wp-block-column is-vertically-aligned-center is-layout-flow wp-block-column-is-layout-flow\" style=\"flex-basis:33.33%\">\n<figure class=\"wp-block-image aligncenter size-medium is-style-default\"><img loading=\"lazy\" decoding=\"async\" width=\"218\" height=\"300\" src=\"https:\/\/www.maisonlitterairedevictorhugo.net\/en\/wp-content\/uploads\/2022\/01\/4-enfants-218x300.jpg\" alt=\"\" class=\"wp-image-974\" srcset=\"https:\/\/www.maisonlitterairedevictorhugo.net\/en\/wp-content\/uploads\/2022\/01\/4-enfants-218x300.jpg 218w, https:\/\/www.maisonlitterairedevictorhugo.net\/en\/wp-content\/uploads\/2022\/01\/4-enfants-745x1024.jpg 745w, https:\/\/www.maisonlitterairedevictorhugo.net\/en\/wp-content\/uploads\/2022\/01\/4-enfants-768x1056.jpg 768w, https:\/\/www.maisonlitterairedevictorhugo.net\/en\/wp-content\/uploads\/2022\/01\/4-enfants-1117x1536.jpg 1117w, https:\/\/www.maisonlitterairedevictorhugo.net\/en\/wp-content\/uploads\/2022\/01\/4-enfants-1490x2048.jpg 1490w, https:\/\/www.maisonlitterairedevictorhugo.net\/en\/wp-content\/uploads\/2022\/01\/4-enfants-scaled.jpg 1862w\" sizes=\"auto, (max-width: 218px) 100vw, 218px\" \/><figcaption class=\"wp-element-caption\"><small>L\u00e9opoldine, Ad\u00e8le, Charles and Fran\u00e7ois-Victor. Drawing by Ad\u00e8le Hugo<\/small><\/figcaption><\/figure>\n<\/div>\n<\/div>\n\n\n\n<div style=\"height:73px\" aria-hidden=\"true\" class=\"wp-block-spacer\"><\/div>\n","protected":false},"excerpt":{"rendered":"<p>HISTORICAL BACKGROUND At the time of Romanticism, the manor house of the Ch\u00e2teau des Roches belonged to Bertin l&rsquo;Ain\u00e9 (1776-1841), patron of the arts and director of the magazine the Journal des D\u00e9bats.&nbsp; From 1815 to 1841 Bertin&rsquo;s literary salon attracted the most eminent figures in the world of politics and arts : Chateaubriand, Berlioz, &hellip;<\/p>\n<p class=\"read-more\"> <a class=\"\" href=\"https:\/\/www.maisonlitterairedevictorhugo.net\/en\/fondation\/\"> <span class=\"screen-reader-text\">Pr\u00e9sentation<\/span> Lire la suite\u00a0\u00bb<\/a><\/p>\n","protected":false},"author":1,"featured_media":0,"parent":0,"menu_order":0,"comment_status":"closed","ping_status":"closed","template":"","meta":{"site-sidebar-layout":"default","site-content-layout":"default","ast-main-header-display":"","ast-hfb-above-header-display":"","ast-hfb-below-header-display":"","ast-hfb-mobile-header-display":"","site-post-title":"","ast-breadcrumbs-content":"","ast-featured-img":"","footer-sml-layout":"","theme-transparent-header-meta":"","adv-header-id-meta":"","stick-header-meta":"","header-above-stick-meta":"","header-main-stick-meta":"","header-below-stick-meta":"","footnotes":""},"class_list":["post-35","page","type-page","status-publish","hentry"],"_links":{"self":[{"href":"https:\/\/www.maisonlitterairedevictorhugo.net\/en\/wp-json\/wp\/v2\/pages\/35","targetHints":{"allow":["GET"]}}],"collection":[{"href":"https:\/\/www.maisonlitterairedevictorhugo.net\/en\/wp-json\/wp\/v2\/pages"}],"about":[{"href":"https:\/\/www.maisonlitterairedevictorhugo.net\/en\/wp-json\/wp\/v2\/types\/page"}],"author":[{"embeddable":true,"href":"https:\/\/www.maisonlitterairedevictorhugo.net\/en\/wp-json\/wp\/v2\/users\/1"}],"replies":[{"embeddable":true,"href":"https:\/\/www.maisonlitterairedevictorhugo.net\/en\/wp-json\/wp\/v2\/comments?post=35"}],"version-history":[{"count":56,"href":"https:\/\/www.maisonlitterairedevictorhugo.net\/en\/wp-json\/wp\/v2\/pages\/35\/revisions"}],"predecessor-version":[{"id":4332,"href":"https:\/\/www.maisonlitterairedevictorhugo.net\/en\/wp-json\/wp\/v2\/pages\/35\/revisions\/4332"}],"wp:attachment":[{"href":"https:\/\/www.maisonlitterairedevictorhugo.net\/en\/wp-json\/wp\/v2\/media?parent=35"}],"curies":[{"name":"wp","href":"https:\/\/api.w.org\/{rel}","templated":true}]}}

Présentation

<div style="height:50px" aria-hidden="true" class="wp-block-spacer"></div>



<p class="has-text-align-center has-large-font-size"><strong><mark style="background-color:rgba(0, 0, 0, 0);color:#06044f" class="has-inline-color">HISTORICAL BACKGROUND</mark></strong></p>



<div class="wp-block-columns alignwide is-layout-flex wp-container-core-columns-is-layout-9d6595d7 wp-block-columns-is-layout-flex">
<div class="wp-block-column is-layout-flow wp-block-column-is-layout-flow" style="flex-basis:66.66%">
<p class="has-medium-font-size"><span class="lettrine">A</span>t the time of Romanticism, the manor house of the Château des Roches belonged to Bertin l&rsquo;Ainé (1776-1841), patron of the arts and director of the magazine the<em> Journal des Débats</em>.&nbsp;</p>



<p class="has-medium-font-size"><br><span class="lettrine">F</span>rom 1815 to 1841 Bertin&rsquo;s literary salon attracted the most eminent figures in the world of politics and arts : Chateaubriand, Berlioz, Ingres, Liszt&#8230; Chateaubriand, who was a long-time friend of the Bertin family, would call on them from the Vallée-aux-Loups.</p>
</div>



<div class="wp-block-column is-vertically-aligned-center is-layout-flow wp-block-column-is-layout-flow" style="flex-basis:33.33%">
<figure class="wp-block-image aligncenter size-medium"><img loading="lazy" decoding="async" width="247" height="300" src="https://www.maisonlitterairedevictorhugo.net/en/wp-content/uploads/2021/07/Bertin2-247x300.jpeg" alt="" class="wp-image-98" srcset="https://www.maisonlitterairedevictorhugo.net/en/wp-content/uploads/2021/07/Bertin2-247x300.jpeg 247w, https://www.maisonlitterairedevictorhugo.net/en/wp-content/uploads/2021/07/Bertin2-843x1024.jpeg 843w, https://www.maisonlitterairedevictorhugo.net/en/wp-content/uploads/2021/07/Bertin2-768x933.jpeg 768w, https://www.maisonlitterairedevictorhugo.net/en/wp-content/uploads/2021/07/Bertin2.jpeg 945w" sizes="auto, (max-width: 247px) 100vw, 247px" /><figcaption class="wp-element-caption"><small>Louis-François Bertin by Ingres</small></figcaption></figure>
</div>
</div>



<div class="wp-block-columns alignwide is-layout-flex wp-container-core-columns-is-layout-9d6595d7 wp-block-columns-is-layout-flex">
<div class="wp-block-column is-vertically-aligned-center is-layout-flow wp-block-column-is-layout-flow" style="flex-basis:66.66%">
<p class="has-medium-font-size"><span class="lettrine">T</span>he most renowned guest was indisputably Victor Hugo, who stayed at the Château des Roches whenever he could. Hugo, along with his wife and children, would take a stage coach at the Place des Vosges (then Place Royale) to Sceaux where a connection took them to Bièvres.</p>
</div>



<div class="wp-block-column is-layout-flow wp-block-column-is-layout-flow" style="flex-basis:33.33%">
<figure class="wp-block-image aligncenter size-full is-resized is-style-rounded"><img loading="lazy" decoding="async" width="440" height="658" src="https://www.maisonlitterairedevictorhugo.net/en/wp-content/uploads/2021/12/VH1832LNoel.jpeg" alt="" class="wp-image-246" style="width:225px;height:336px" srcset="https://www.maisonlitterairedevictorhugo.net/en/wp-content/uploads/2021/12/VH1832LNoel.jpeg 440w, https://www.maisonlitterairedevictorhugo.net/en/wp-content/uploads/2021/12/VH1832LNoel-201x300.jpeg 201w" sizes="auto, (max-width: 440px) 100vw, 440px" /><figcaption class="wp-element-caption"> <small>Victor Hugo by Léon Noël, 1832</small></figcaption></figure>
</div>
</div>



<div class="wp-block-columns alignwide is-layout-flex wp-container-core-columns-is-layout-9d6595d7 wp-block-columns-is-layout-flex">
<div class="wp-block-column is-vertically-aligned-top is-layout-flow wp-block-column-is-layout-flow" style="flex-basis:66.66%">
<p class="has-medium-font-size"><span class="lettrine">T</span>hey were at home at the Château. The poet would go out alone to write or to take a walk in the green valley of the Bièvre river, or in the woods of Verrières. During his stays at the manor house, he wrote several poems which were published in&nbsp;<em><em>Les Feuilles d’automne</em>,&nbsp;<em>Les Chants du crépuscule</em>,&nbsp;<em>Les Voix intérieures</em>&nbsp;</em>and <em><em>Les Rayons et les ombres</em>.</em></p>
</div>



<div class="wp-block-column is-vertically-aligned-center is-layout-flow wp-block-column-is-layout-flow" style="flex-basis:33.33%">
<figure class="wp-block-image aligncenter size-medium is-style-default"><img loading="lazy" decoding="async" width="218" height="300" src="https://www.maisonlitterairedevictorhugo.net/en/wp-content/uploads/2022/01/4-enfants-218x300.jpg" alt="" class="wp-image-974" srcset="https://www.maisonlitterairedevictorhugo.net/en/wp-content/uploads/2022/01/4-enfants-218x300.jpg 218w, https://www.maisonlitterairedevictorhugo.net/en/wp-content/uploads/2022/01/4-enfants-745x1024.jpg 745w, https://www.maisonlitterairedevictorhugo.net/en/wp-content/uploads/2022/01/4-enfants-768x1056.jpg 768w, https://www.maisonlitterairedevictorhugo.net/en/wp-content/uploads/2022/01/4-enfants-1117x1536.jpg 1117w, https://www.maisonlitterairedevictorhugo.net/en/wp-content/uploads/2022/01/4-enfants-1490x2048.jpg 1490w, https://www.maisonlitterairedevictorhugo.net/en/wp-content/uploads/2022/01/4-enfants-scaled.jpg 1862w" sizes="auto, (max-width: 218px) 100vw, 218px" /><figcaption class="wp-element-caption"><small>Léopoldine, Adèle, Charles and François-Victor. Drawing by Adèle Hugo</small></figcaption></figure>
</div>
</div>



<div style="height:73px" aria-hidden="true" class="wp-block-spacer"></div>

<p>HISTORICAL BACKGROUND At the time of Romanticism, the manor house of the Château des Roches belonged to Bertin l&rsquo;Ainé (1776-1841), patron of the arts and director of the magazine the Journal des Débats.&nbsp; From 1815 to 1841 Bertin&rsquo;s literary salon attracted the most eminent figures in the world of politics and arts : Chateaubriand, Berlioz, &hellip;</p>
<p class="read-more"> <a class="" href="https://www.maisonlitterairedevictorhugo.net/en/fondation/"> <span class="screen-reader-text">Présentation</span> Lire la suite »</a></p>
